) = 10*w - 194. Calculate d(-32).
-514
Let k(s) = -3*s**3 + 182*s**2 + 269*s - 1303. Calculate k(62).
-1
Let n(h) = -2*h**3 - 5*h**2 - 5*h - 32. Give n(-5).
118
Let l(y) = -3*y**2 + 859*y - 2834. Determine l(283).
-4
Let f(w) = -1207*w + 2539. Give f(2).
125
Let p(d) = -2*d**2 + 30*d + 463. What is p(-10)?
-37
Let j(h) = -2*h**3 + 11*h**2 + 2*h - 23. Give j(5).
12
Let v(g) = 187*g**3 + 1. Determine v(-1).
-186
Let d(t) = -418*t - 406. Calculate d(-1).
12
Let u(h) = 14*h**2 - 94*h - 22. Give u(7).
6
Let t(r) = 2*r**2 - 20*r + 83. Determine t(13).
161
Let k(f) = 79*f + 3241. Give k(-38).
239
Let h(i) = -26*i**3 - 3*i. Calculate h(1).
-29
Let r(i) = -8*i**2 - 16*i + 4. Calculate r(-3).
-20
Let n(f) = 6*f**2 - 191*f + 222. Give n(30).
-108
Let d(o) = -o**2 + 80*o - 757. Determine d(11).
2
Let i(y) = y**3 - 20*y**2 - 19*y - 59. Calculate i(21).
-17
Let b(h) = -4*h**3 + 460*h**2 + 2*h - 169. What is b(115)?
61
Let l(q) = -34*q**2 - 33*q - 38. Calculate l(-1).
-39
Let i(z) = -2*z**3 + 15*z**2 + 8*z - 9. What is i(7)?
96
Let i(o) = 3*o**2 - 6*o + 82. Give i(7).
187
Let b(g) = -4*g**3 - 6*g**2 - 53*g - 359. Calculate b(-6).
607
Let u(j) = 9*j - 172. Calculate u(19).
-1
Let d(y) = 10223*y + 61356. Determine d(-6).
18
Let t(y) = y**2 + 8*y - 58. Give t(-17).
95
Let z(w) = 11*w + 50. Calculate z(15).
215
Let b(w) = -77*w - 382. Determine b(-5).
3
Let l(p) = 121*p - 1220. Determine l(10).
-10
Let u(s) = 2*s**2 + 146*s + 545. Give u(-4).
-7
Let k(p) = -p**2 - 88*p - 1705. Determine k(-29).
6
Let g(v) = -6*v**2 + 487*v - 486. Calculate g(1).
-5
Let x(r) = 11*r**2 - 3*r + 9. What is x(2)?
47
Let t(r) = r**3 + 37*r**2 - 163*r - 3. Give t(4).
1
Let s(d) = -13*d**2 + 83*d + 26. What is s(7)?
-30
Let c(g) = -26*g**2 + 185*g - 10. Give c(7).
11
Let l(m) = 14*m**2 + 16*m - 37. What is l(2)?
51
Let g(o) = 209*o + 106. Give g(-2).
-312
Let j(s) = -s**3 + 10*s**2 + 8*s + 92. What is j(11)?
59
Let m(l) = l**3 - 115*l**2 - 358*l + 474. Give m(118).
2
Let s(r) = -r**3 + 4*r**2 - 5997*r + 36061. Give s(6).
7
Let t(p) = 9*p**2 - 101*p + 1. Calculate t(11).
-21
Let c(g) = -11*g + 147. Calculate c(13).
4
Let a(y) = y + 55. Calculate a(-65).
-10
Let i(x) = -3*x**2 - 8*x + 1008. Calculate i(20).
-352
Let c(s) = 247*s - 1542. Give c(6).
-60
Let f(h) = -4*h**2 - 96*h - 187. What is f(-22)?
-11
Let b(n) = 112*n - 51. Give b(3).
285
Let b(w) = -2*w**2 + 22*w - 47. What is b(5)?
13
Let y(o) = 25*o + 16. What is y(5)?
141
Let f(h) = 6*h**2 - 46*h - 63. Give f(8).
-47
Let s(g) = -19*g**2 + 16*g - 3. Calculate s(1).
-6
Let m(u) = -u**3 + 5*u**2 + 281*u - 568. Determine m(2).
6
Let z(w) = 3587*w - 82500. What is z(23)?
1
Let j(y) = -2080*y + 31222. Calculate j(15).
22
Let u(x) = -9*x**2 - 22*x + 26. Give u(6).
-430
Let y(r) = -r**3 - 10*r**2 + 26*r + 258. What is y(-5)?
3
Let a(t) = 13*t**3 + 3*t**2 + 74*t - 76. Determine a(1).
14
Let s(x) = x**2 - 29*x + 108. Determine s(25).
8
Let o(k) = -k**2 + 42*k - 237. Give o(24).
195
Let t(z) = -4*z**2 + 21*z + 14. Calculate t(6).
-4
Let u(z) = z**2 + 18*z - 65. What is u(14)?
383
Let d(x) = 444*x - 120324. Determine d(271).
0
Let g(x) = -82*x + 2780. Give g(34).
-8
Let c(x) = -28*x**2 - 254*x - 62. Calculate c(-9).
-44
Let x(q) = -566*q - 560. Calculate x(-1).
6
Let m(n) = 450*n + 4511. Determine m(-10).
11
Let w(g) = g**2 - 14*g - 196. What is w(22)?
-20
Let r(n) = n**3 + 40*n - 74. Calculate r(0).
-74
Let j(o) = 63*o + 4848. Calculate j(-77).
-3
Let h(s) = -2*s**2 - 21*s - 26. Give h(-3).
19
Let p(v) = v**2 - 20*v - 59. Determine p(30).
241
Let i(h) = -2*h**3 - 62*h**2 + 73*h - 68. Calculate i(-32).
-356
Let d(s) = 69*s + 1291. Give d(-18).
49
Let j(p) = -8*p + 142. Give j(39).
-170
Let s(u) = u**2 + 119*u + 981. What is s(-9)?
-9
Let k(p) = -p**3 + 8*p**2 - 35*p - 27. Calculate k(6).
-165
Let n(y) = -4*y**3 + 13*y**2 + 64*y + 22. Calculate n(-5).
527
Let p(m) = 333*m + 312. Give p(-1).
-21
Let d(n) = -4*n**2 + 1910*n - 9454. Give d(5).
-4
Let q(c) = -2*c**2 + 3*c + 95. Calculate q(8).
-9
Let p(s) = -472*s + 2845. Determine p(6).
13
Let h(a) = -5*a**2 + 54*a - 145. Calculate h(6).
-1
Let c(h) = 5*h**3 + 77*h**2 + 33*h + 54. Calculate c(-15).
9
Let z(m) = 26*m - 828. Calculate z(36).
108
Let f(p) = -p**3 + 4*p**2 + 9*p + 83. Determine f(7).
-1
Let n(c) = -c**3 + c**2 - c - 19. Determine n(5).
-124
Let l(y) = 4*y**2 + 39*y - 88. Calculate l(2).
6
Let f(d) = -4*d**2 + 375*d - 755. What is f(92)?
-111
Let a(b) = 2*b - 159. What is a(-9)?
-177
Let s(p) = -54*p + 505. What is s(6)?
181
Let r(x) = -7*x**2 + 1900*x - 8276. Calculate r(267).
1
Let m(o) = -5860*o - 5848. What is m(-1)?
12
Let k(a) = a**3 + 9*a**2 + 39*a + 8. Determine k(-4).
-68
Let j(m) = 4*m - 10. What is j(5)?
10
Let k(q) = 2*q**3 - 68*q**2 + 7*q - 229. Give k(34).
9
Let t(r) = -14*r + 450. What is t(7)?
352
Let t(u) = 4*u**3 - 30*u**2 - 12*u - 5. Calculate t(8).
27
Let d(y) = -19*y**2 + 489*y + 135. What is d(26)?
5
Let r(v) = 126*v + 446. Determine r(-4).
-58
Let s(x) = -x**3 - 20*x**2 - 13*x + 140. Give s(-21).
854
Let o(j) = -142*j + 2854. What is o(20)?
14
Let p(a) = -a**3 + 84*a**2 + 13620*a - 1324. Calculate p(166).
4
Let c(g) = 28*g + 228. Calculate c(-7).
32
Let w(p) = 19*p + 661. Calculate w(-35).
-4
Let f(y) = -160*y - 3412. Give f(-21).
-52
Let l(i) = 62*i + 109. Determine l(-1).
47
Let y(h) = -h**2 - 38*h - 366. What is y(-18)?
-6
Let h(d) = d**2 + 54*d - 178. Determine h(3).
-7
Let w(a) = -5*a**3 - 300*a**2 + 4*a + 251. What is w(-60)?
11
Let y(h) = -2*h**3 - 11*h**2 - 15*h - 40. Determine y(-6).
86
Let b(a) = 3*a**3 - 104*a**2 + 60*a + 282. Give b(34).
10
Let a(v) = 3*v**2 + 100*v + 813. Calculate a(-19).
-4
Let p(x) = 5*x**2 + 161*x + 40. Calculate p(-32).
8
Let d(x) = x**3 - 50*x**2 + 51*x - 101. Determine d(49).
-3
Let z(n) = n**2 + 46*n + 481. Calculate z(-13).
52
Let a(u) = -415*u + 16610. What is a(40)?
10
Let v(a) = a**2 + 13*a - 31. Determine v(-15).
-1
Let t(q) = 5*q**2 - 33*q - 98. Determine t(-3).
46
Let z(w) = -204*w + 1804. Determine z(8).
172
Let q(i) = -i**3 + 9*i**2 - 7*i + 10. Give q(8).
18
Let a(g) = -42*g + 4166. What is a(99)?
8
Let w(r) = -277*r + 11081. Calculate w(40).
1
Let c(f) = -64*f**2 - 964*f + 1. Give c(-15).
61
Let u(w) = -w**3 - 185*w**2 - 6398*w - 548. Determine u(-139).
8
Let f(z) = -15*z**3 + 11*z**2 + 6*z - 2. Calculate f(-2).
150
Let d(n) = -3*n**3 - 18*n**2 - 7*n - 18. Give d(-6).
24
Let b(u) = -2*u**2 - 12*u + 89. Determine b(5).
-21
Let o(y) = -8*y**3 + 34*y**2 - 13*y + 29. Calculate o(4).
9
Let a(b) = -b**3 - 63*b**2 - 5*b - 332. Give a(-63).
-17
Let k(g) = 469*g - 26. Give k(-1).
-495
Let u(x) = 2*x**2 - 43*x + 236. Determine u(14).
26
Let j(p) = p**3 + 7*p**2 + 4*p + 99. Give j(-8).
3
Let d(t) = -130*t**2 - 642*t + 33. Calculate d(-5).
-7
Let g(s) = -s**3 - 4*s - 11. Give g(-3).
28
Let q(i) = -2*i**2 - 47*i - 75. Give q(-21).
30
Let s(d) = 234*d + 62251. Determine s(-266).
7
Let p(x) = 3*x - 205. Calculate p(6).
-187
Let y(b) = 3138*b + 65896. Calculate y(-21).
-2
Let i(t) = 4*t**2 + 18*t - 26. Determine i(-7).
44
Let b(t) = -5*t**3 + 91*t**2 - 6*t - 65. Determine b(18).
151
Let j(l) = l**2 - 9*l - 11. Calculate j(14).
59
Let m(p) = -35*p - 7. Give m(1).
-42
Let p(t) = 60*t + 1563. Give p(-26).
3
Let m(c) = -c**2 + 10*c + 82. Calculate m(22).
-182
Let r(o) = 38*o**2 + 667*o + 128. Calculate r(-17).
-229
Let b(o) = 117*o - 99. Give b(-2).
-333
Let r(s) = s**3 + 9*s**2 + 4*s + 19. What is r(-6)?
103
Let m(g) = 35*g + 1877. Determine m(-26).
967
Let q(z) = 5*z**3 - 14*z**2 - z + 1. What is q(6)?
571
Let z(g) = g**3 + 32*g**2 - 371*g - 93. Give z(-41).
-11
Let l(c) = 8*c**3 - 35*c**2 + 12*c - 14. Give l(4).
-14
Let x(f) = -f**3 - 20*f**2 + 23*f + 44. Determine x(-21).
2
Let r(h) = h**2 + 1067*h + 41084. What is r(-40)?
4
Let v(u) = 3*u**3 + 18*u**2 + 28*u + 130. Calculate v(-7).
-213
Let u(a) = -a**2 + 39*a - 104. Give u(34).
66
Let m(t) = -36*t**2 + 113*t + 217. What is m(-2)?
-153
Let y(x) = 292*x + 9485. What is y(-33)?
-151
Let q(c) = -39*c**2 - 15*c + 4. What is q(2)?
-182
Let k(g) = 338*g - 14502. What is k(43)?
32
Let v(p) = p**3 + 42*p**2 + 3*p + 96. Calculate v(-42).
-30
Let i(l) = l**2 + 33*l + 175. Calculate i(-8).
-25
Let y(t) = -t**3 + t**2 - 5. Determine y(0).
-5
Let h(d) = -d**3 - 77*d**2 + 78*d - 94. What is